e 8) to base 10
-185
Convert -8c (base 15) to base 5.
-1012
-13 (base 4) to base 11
-7
What is -101 (base 2) in base 12?
-5
What is -131 (base 5) in base 2?
-101001
-d1 (base 16) to base 15
-de
-3 (base 10) to base 5
-3
What is -58 (base 11) in base 6?
-143
Convert -3 (base 13) to base 2.
-11
-2001 (base 3) to base 9
-61
What is -210 (base 4) in base 2?
-100100
44 (base 5) to base 12
20
10 (base 5) to base 2
101
Convert 1 (base 7) to base 4.
1
What is 0 (base 9) in base 3?
0
What is 126 (base 8) in base 15?
5b
Convert 33 (base 13) to base 10.
42
Convert -3 (base 5) to base 16.
-3
4 (base 6) to base 8
4
Convert -48 (base 9) to base 4.
-230
0 (base 4) to base 6
0
What is 18 (base 9) in base 5?
32
Convert -211 (base 4) to base 16.
-25
Convert -4 (base 8) to base 11.
-4
Convert a3 (base 16) to base 8.
243
Convert 20 (base 16) to base 9.
35
What is -1 (base 4) in base 14?
-1
What is 6b (base 15) in base 12?
85
-6 (base 14) to base 8
-6
What is 3 (base 9) in base 3?
10
Convert -1 (base 11) to base 3.
-1
-20 (base 4) to base 2
-1000
What is -7 (base 12) in base 11?
-7
What is 8 (base 14) in base 12?
8
What is 3 (base 15) in base 4?
3
What is 4 (base 10) in base 2?
100
Convert 234 (base 6) to base 7.
163
Convert -1 (base 16) to base 4.
-1
-1 (base 6) to base 15
-1
What is 4 (base 11) in base 13?
4
What is 0 (base 13) in base 9?
0
What is -1 (base 4) in base 13?
-1
0 (base 3) to base 13
0
-1120 (base 7) to base 10
-406
Convert -26 (base 10) to base 11.
-24
3 (base 14) to base 7
3
Convert -1 (base 6) to base 15.
-1
Convert -3 (base 5) to base 11.
-3
What is -a (base 15) in base 16?
-a
Convert 6 (base 12) to base 7.
6
What is 0 (base 4) in base 9?
0
What is 3a (base 14) in base 6?
124
1100 (base 4) to base 3
2222
Convert -126 (base 11) to base 14.
-a9
What is -32 (base 8) in base 6?
-42
Convert -4 (base 6) to base 15.
-4
Convert 0 (base 16) to base 6.
0
Convert 5 (base 8) to base 13.
5
3 (base 11) to base 15
3
453 (base 8) to base 7
605
-56 (base 13) to base 9
-78
What is -5 (base 6) in base 15?
-5
What is 168 (base 9) in base 4?
2033
Convert -4 (base 12) to base 4.
-10
Convert -54 (base 9) to base 16.
-31
-2 (base 13) to base 6
-2
Convert -202 (base 5) to base 3.
-1221
1 (base 5) to base 15
1
Convert 1 (base 12) to base 6.
1
What is -11 (base 2) in base 15?
-3
What is -444 (base 7) in base 2?
-11100100
2 (base 14) to base 9
2
-22 (base 3) to base 15
-8
What is a (base 11) in base 6?
14
0 (base 5) to base 12
0
What is -10 (base 6) in base 15?
-6
What is 6 (base 11) in base 13?
6
What is 221 (base 4) in base 5?
131
51 (base 6) to base 12
27
Convert 1 (base 4) to base 8.
1
Convert 3b (base 13) to base 4.
302
-313 (base 7) to base 4
-2131
41 (base 11) to base 4
231
What is -6 (base 14) in base 11?
-6
-120 (base 5) to base 13
-29
Convert 2 (base 14) to base 6.
2
-32 (base 13) to base 12
-35
Convert 4 (base 7) to base 14.
4
13 (base 16) to base 12
17
25 (base 15) to base 10
35
-21 (base 7) to base 10
-15
0 (base 14) to base 3
0
What is 11 (base 4) in base 11?
5
What is 7 (base 13) in base 14?
7
What is 31 (base 5) in base 8?
20
What is 311 (base 7) in base 2?
10011011
5 (base 6) to base 10
5
Convert -57 (base 9) to base 16.
-34
What is 1b (base 15) in base 10?
26
What is 231 (base 4) in base 7?
63
Convert -b (base 14) to base 4.
-23
-10010 (base 2) to base 3
-200
Convert -1 (base 14) to base 13.
-1
Convert -100 (base 2) to base 16.
-4
6 (base 7) to base 2
110
-1 (base 7) to base 10
-1
What is -23 (base 6) in base 3?
-120
What is 5 (base 8) in base 5?
10
What is -10010 (base 3) in base 10?
-84
What is 2 (base 16) in base 10?
2
What is 0 (base 6) in base 11?
0
Convert 11 (base 3) to base 14.
4
Convert 3 (base 16) to base 11.
3
Convert -5 (base 9) to base 11.
-5
-12 (base 4) to base 10
-6
What is -a (base 16) in base 9?
-11
Convert -a (base 11) to base 8.
-12
-3 (base 8) to base 14
-3
-2a (base 11) to base 9
-35
What is 100101 (base 2) in base 15?
27
4 (base 8) to base 6
4
What is -11 (base 2) in base 14?
-3
Convert -2 (base 4) to base 7.
-2
Convert -10222 (base 3) to base 7.
-212
What is 31 (base 6) in base 4?
103
8 (base 11) to base 13
8
Convert 17 (base 15) to base 4.
112
-2 (base 10) to base 5
-2
Convert -2 (base 5) to base 16.
-2
Convert 1 (base 2) to base 14.
1
-4 (base 7) to base 5
-4
-23 (base 5) to base 12
-11
What is -7 (base 8) in base 3?
-21
14 (base 7) to base 4
23
What is 42 (base 11) in base 13?
37
What is -31 (base 16) in base 3?
-1211
What is -3 (base 15) in base 11?
-3
Convert -31 (base 4) to base 11.
-12
0 (base 8) to base 5
0
What is 2030 (base 4) in base 6?
352
3 (base 10) to base 3
10
-3 (base 15) to base 2
-11
What is 10000 (base 2) in base 13?
13
-3 (base 10) to base 4
-3
4 (base 10) to base 7
4
What is 16 (base 16) in base 14?
18
What is 8 (base 10) in base 16?
8
What is -12 (base 4) in base 13?
-6
Convert -5 (base 12) to base 7.
-5
-c (base 13) to base 2
-1100
Convert 2e (base 16) to base 13.
37
Convert -126 (base 7) to base 8.
-105
What is -11 (base 6) in base 9?
-7
Convert -89 (base 14) to base 3.
-11111
Convert 2 (base 13) to base 14.
2
What is b0 (base 12) in base 13?
a2
-1 (base 7) to base 13
-1
What is 21 (base 5) in base 4?
23
2 (base 9) to base 2
10
-22 (base 13) to base 2
-11100
Convert -8 (base 10) to base 6.
-12
What is 15 (base 13) in base 10?
18
Convert -2 (base 12) to base 11.
-2
Convert -111 (base 6) to base 12.
-37
-100 (base 2) to base 7
-4
What is 5 (base 6) in base 16?
5
What is -1010000 (base 2) in base 5?
-310
-11101 (base 2) to base 11
-27
Convert 9 (base 15) to base 4.
21
4 (base 12) to base 16
4
What is 11 (base 11) in base 5?
22
3 (base 6) to base 9
3
What is 353 (base 6) in base 15?
96
Convert 2 (base 10) to base 7.
2
What is 0 (base 16) in base 11?
0
20 (base 10) to base 2
10100
c8 (base 14) to base 2
10110000
56 (base 12) to base 11
60
11122 (base 3) to base 14
8d
78 (base 16) to base 7
231
What is 15 (base 6) in base 16?
b
-3 (base 8) to base 6
-3
78 (base 13) to base 3
10200
Convert -160 (base 10) to base 11.
-136
Convert 1210 (base 3) to base 9.
53
4 (base 7) to base 2
100
-23 (base 4) to base 3
-102
1023 (base 6) to base 13
14a
-4 (base 16) to base 9
-4
What is 121 (base 3) in base 6?
24
Convert -30 (base 10) to base 5.
-110
What is -12 (base 15) in base 2?
-10001
16 (base 13) to base 9
21
What is -2 (base 15) in base 3?
-2
31 (base 4) to base 5
23
What is -12 (base 5) in base 6?
-11
-3 (base 16) to base 14
-3
Convert -33 (base 5) to base 3.
-200
What is 110 (base 5) in base 6?
50
-b (base 16) to base 15
-b
-35 (base 6) to base 8
-27
Convert 11 (base 2) to base 9.
3
What is 10 (base 8) in base 11?
8
73 (base 9) to base 5
231
What is 1 (base 4) in base 14?
1
What is -21 (base 11) in base 7?
-32
Convert 3 (base 6) to base 14.
3
What is -1014 (base 5) in base 8?
-206
-1011010 (base 2) to base 8
-132
-20 (base 4) to base 11
-8
1a (base 11) to base 5
41
Convert 32 (base 16) to base 8.
62
What is 7 (base 15) in base 9?
7
What is 77 (base 16) in base 4?
1313
What is 3 (base 14) in base 10?
3
-4 (base 7) to base 11
-4
-b (base 16) to base 13
-b
Convert -2 (base 16) to base 4.
-2
Convert -1 (base 4) to base 8.
-1
Convert 14 (base 9) to base 7.
16
What is 4 (base 7) in base 14?
4
Convert 10021 (base 3) to base 9.
107
Convert 19 (base 15) to base 12.
20
What is -202 (base 10) in base 4?
-3022
What is -31 (base 6) in base 7?
-25
Convert 63 (base 7) to base 2.
101101
What is -3 (base 12) in base 10?
-3
12 (base 6) to base 8
10
Convert 10 (base 6) to base 8.
6
-6 (base 15) to base 12
-6
Convert 13 (base 16) to base 7.
25
What is 21 (base 5) in base 10?
11
Convert -61 (base 7) to base 6.
-111
What is 3 (base 4) in base 3?
10
What is 31 (base 13) in base 12?
34
What is -11 (base 4) in base 16?
-5
-71 (base 15) to base 6
-254
What is 1010010 (base 2) in base 3?
10001
3 (base 15) to base 11
3
What is 28 (base 14) in base 7?
51
60 (base 9) to base 5
204
Convert -a (base 11) to base 13.
-a
-320 (base 8) to base 14
-10c
Convert -3 (base 11) to base 14.
-3
-5 (base 15) to base 3
-12
Convert 169 (base 12) to base 11.
195
Convert -410 (base 9) to base 14.
-19b
Convert -48 (base 9) to base 13.
-35
What is 0 (base 14) in base 9?
0
What is 0 (base 15) in base 3?
0
Convert c (base 15) to base 5.
22
What is -3 (base 13) in base 